{"version":"1.0","provider_name":"Silja Ker\u00e4nen","provider_url":"https:\/\/siljakeranen.fi\/blogi","author_name":"Silja","author_url":"https:\/\/siljakeranen.fi\/blogi\/author\/admin\/","title":"Kunta- ja aluevaalit - Silja Ker\u00e4nen","type":"rich","width":600,"height":338,"html":"<blockquote class=\"wp-embedded-content\" data-secret=\"OTgLZ39RVt\"><a href=\"https:\/\/siljakeranen.fi\/blogi\/kunta-ja-aluevaalit\/\">Kunta- ja aluevaalit<\/a><\/blockquote><iframe sandbox=\"allow-scripts\" security=\"restricted\" src=\"https:\/\/siljakeranen.fi\/blogi\/kunta-ja-aluevaalit\/embed\/#?secret=OTgLZ39RVt\" width=\"600\" height=\"338\" title=\"&#8221;Kunta- ja aluevaalit&#8221; &#8212; Silja Ker\u00e4nen\" data-secret=\"OTgLZ39RVt\" frameborder=\"0\" marginwidth=\"0\" marginheight=\"0\" scrolling=\"no\" class=\"wp-embedded-content\"><\/iframe><script type=\"text\/javascript\">\n\/* <![CDATA[ *\/\n\/*! This file is auto-generated *\/\n!function(d,l){\"use strict\";l.querySelector&&d.addEventListener&&\"undefined\"!=typeof URL&&(d.wp=d.wp||{},d.wp.receiveEmbedMessage||(d.wp.receiveEmbedMessage=function(e){var t=e.data;if((t||t.secret||t.message||t.value)&&!\/[^a-zA-Z0-9]\/.test(t.secret)){for(var s,r,n,a=l.querySelectorAll('iframe[data-secret=\"'+t.secret+'\"]'),o=l.querySelectorAll('blockquote[data-secret=\"'+t.secret+'\"]'),c=new RegExp(\"^https?:$\",\"i\"),i=0;i<o.length;i++)o[i].style.display=\"none\";for(i=0;i<a.length;i++)s=a[i],e.source===s.contentWindow&&(s.removeAttribute(\"style\"),\"height\"===t.message?(1e3<(r=parseInt(t.value,10))?r=1e3:~~r<200&&(r=200),s.height=r):\"link\"===t.message&&(r=new URL(s.getAttribute(\"src\")),n=new URL(t.value),c.test(n.protocol))&&n.host===r.host&&l.activeElement===s&&(d.top.location.href=t.value))}},d.addEventListener(\"message\",d.wp.receiveEmbedMessage,!1),l.addEventListener(\"DOMContentLoaded\",function(){for(var e,t,s=l.querySelectorAll(\"iframe.wp-embedded-content\"),r=0;r<s.length;r++)(t=(e=s[r]).getAttribute(\"data-secret\"))||(t=Math.random().toString(36).substring(2,12),e.src+=\"#?secret=\"+t,e.setAttribute(\"data-secret\",t)),e.contentWindow.postMessage({message:\"ready\",secret:t},\"*\")},!1)))}(window,document);\n\/\/# sourceURL=https:\/\/siljakeranen.fi\/blogi\/wp-includes\/js\/wp-embed.min.js\n\/* ]]> *\/\n<\/script>\n","thumbnail_url":"https:\/\/siljakeranen.fi\/blogi\/wp-content\/uploads\/2025\/03\/Nayttokuva-2025-3-23-kello-14.24.05-1-e1742732956822-1024x280.png","thumbnail_width":1024,"thumbnail_height":280,"description":"&nbsp; Olen ehdolla kuntavaaleissa Kajaanissa ja aluevaaleissa Kainuussa. Olen saanut toimia jo kolme kautta Kajaanissa valtuutettuna ja kaupunginhallituksen j\u00e4senen\u00e4 sek\u00e4 aluevaltuustossa heti alusta l\u00e4htien. &nbsp; Intoa ja paloa on edelleen jatkaa, ja toivon siihen luottamusta! &nbsp; Kajaanissa haluan edist\u00e4\u00e4 etenkin: Kajaanissa on todella moni asia jo todella hyvin &#8211; meill\u00e4 on hyv\u00e4 el\u00e4\u00e4, arki on [&hellip;]"}

Silja Keränen

Kunta- ja aluevaalit - Silja Keränen

<blockquote class="wp-embedded-content" data-secret="OTgLZ39RVt"><a href="https://siljakeranen.fi/blogi/kunta-ja-aluevaalit/">Kunta- ja aluevaalit</a></blockquote><iframe sandbox="allow-scripts" security="restricted" src="https://siljakeranen.fi/blogi/kunta-ja-aluevaalit/embed/#?secret=OTgLZ39RVt" width="600" height="338" title="&#8221;Kunta- ja aluevaalit&#8221; &#8212; Silja Keränen" data-secret="OTgLZ39RVt" frameborder="0" marginwidth="0" marginheight="0" scrolling="no" class="wp-embedded-content"></iframe><script type="text/javascript">
/* <![CDATA[ */
/*! This file is auto-generated */
!function(d,l){"use strict";l.querySelector&&d.addEventListener&&"undefined"!=typeof URL&&(d.wp=d.wp||{},d.wp.receiveEmbedMessage||(d.wp.receiveEmbedMessage=function(e){var t=e.data;if((t||t.secret||t.message||t.value)&&!/[^a-zA-Z0-9]/.test(t.secret)){for(var s,r,n,a=l.querySelectorAll('iframe[data-secret="'+t.secret+'"]'),o=l.querySelectorAll('blockquote[data-secret="'+t.secret+'"]'),c=new RegExp("^https?:$","i"),i=0;i<o.length;i++)o[i].style.display="none";for(i=0;i<a.length;i++)s=a[i],e.source===s.contentWindow&&(s.removeAttribute("style"),"height"===t.message?(1e3<(r=parseInt(t.value,10))?r=1e3:~~r<200&&(r=200),s.height=r):"link"===t.message&&(r=new URL(s.getAttribute("src")),n=new URL(t.value),c.test(n.protocol))&&n.host===r.host&&l.activeElement===s&&(d.top.location.href=t.value))}},d.addEventListener("message",d.wp.receiveEmbedMessage,!1),l.addEventListener("DOMContentLoaded",function(){for(var e,t,s=l.querySelectorAll("iframe.wp-embedded-content"),r=0;r<s.length;r++)(t=(e=s[r]).getAttribute("data-secret"))||(t=Math.random().toString(36).substring(2,12),e.src+="#?secret="+t,e.setAttribute("data-secret",t)),e.contentWindow.postMessage({message:"ready",secret:t},"*")},!1)))}(window,document);
//# sourceURL=https://siljakeranen.fi/blogi/wp-includes/js/wp-embed.min.js
/* ]]> */
</script>

&nbsp; Olen ehdolla kuntavaaleissa Kajaanissa ja aluevaaleissa Kainuussa. Olen saanut toimia jo kolme kautta Kajaanissa valtuutettuna ja kaupunginhallituksen jäsenenä sekä aluevaltuustossa heti alusta lähtien. &nbsp; Intoa ja paloa on edelleen jatkaa, ja toivon siihen luottamusta! &nbsp; Kajaanissa haluan edistää etenkin: Kajaanissa on todella moni asia jo todella hyvin &#8211; meillä on hyvä elää, arki on [&hellip;]
