{"version":"1.0","provider_name":"Silja Ker\u00e4nen","provider_url":"https:\/\/siljakeranen.fi\/blogi","author_name":"Silja","author_url":"https:\/\/siljakeranen.fi\/blogi\/author\/admin\/","title":"Valtuustoaloite: Muuttajakoordinaattori Kainuun liittoon - Silja Ker\u00e4nen","type":"rich","width":600,"height":338,"html":"<blockquote class=\"wp-embedded-content\" data-secret=\"iGzFxlMWDQ\"><a href=\"https:\/\/siljakeranen.fi\/blogi\/valtuustoaloite-muuttajakoordinaattori-kainuun-liittoon\/\">Valtuustoaloite: Muuttajakoordinaattori Kainuun liittoon<\/a><\/blockquote><iframe sandbox=\"allow-scripts\" security=\"restricted\" src=\"https:\/\/siljakeranen.fi\/blogi\/valtuustoaloite-muuttajakoordinaattori-kainuun-liittoon\/embed\/#?secret=iGzFxlMWDQ\" width=\"600\" height=\"338\" title=\"&#8221;Valtuustoaloite: Muuttajakoordinaattori Kainuun liittoon&#8221; &#8212; Silja Ker\u00e4nen\" data-secret=\"iGzFxlMWDQ\" frameborder=\"0\" marginwidth=\"0\" marginheight=\"0\" scrolling=\"no\" class=\"wp-embedded-content\"><\/iframe><script type=\"text\/javascript\">\n\/* <![CDATA[ *\/\n\/*! This file is auto-generated *\/\n!function(d,l){\"use strict\";l.querySelector&&d.addEventListener&&\"undefined\"!=typeof URL&&(d.wp=d.wp||{},d.wp.receiveEmbedMessage||(d.wp.receiveEmbedMessage=function(e){var t=e.data;if((t||t.secret||t.message||t.value)&&!\/[^a-zA-Z0-9]\/.test(t.secret)){for(var s,r,n,a=l.querySelectorAll('iframe[data-secret=\"'+t.secret+'\"]'),o=l.querySelectorAll('blockquote[data-secret=\"'+t.secret+'\"]'),c=new RegExp(\"^https?:$\",\"i\"),i=0;i<o.length;i++)o[i].style.display=\"none\";for(i=0;i<a.length;i++)s=a[i],e.source===s.contentWindow&&(s.removeAttribute(\"style\"),\"height\"===t.message?(1e3<(r=parseInt(t.value,10))?r=1e3:~~r<200&&(r=200),s.height=r):\"link\"===t.message&&(r=new URL(s.getAttribute(\"src\")),n=new URL(t.value),c.test(n.protocol))&&n.host===r.host&&l.activeElement===s&&(d.top.location.href=t.value))}},d.addEventListener(\"message\",d.wp.receiveEmbedMessage,!1),l.addEventListener(\"DOMContentLoaded\",function(){for(var e,t,s=l.querySelectorAll(\"iframe.wp-embedded-content\"),r=0;r<s.length;r++)(t=(e=s[r]).getAttribute(\"data-secret\"))||(t=Math.random().toString(36).substring(2,12),e.src+=\"#?secret=\"+t,e.setAttribute(\"data-secret\",t)),e.contentWindow.postMessage({message:\"ready\",secret:t},\"*\")},!1)))}(window,document);\n\/\/# sourceURL=https:\/\/siljakeranen.fi\/blogi\/wp-includes\/js\/wp-embed.min.js\n\/* ]]> *\/\n<\/script>\n","description":"J\u00e4tin eilisess\u00e4 maakuntavaltuuston kokouksessa valtuustoaloitteen: Valtuustoaloite: Muuttajakoordinaattori Kainuun liittoon Jos haluamme tehd\u00e4 Kainuun v\u00e4henev\u00e4lle v\u00e4est\u00f6kehitysennusteelle jotain, yksi ratkaisu on palkata Kainuulle yhteinen muuttajakoordinaattori. Kainuuseen kun olisi tulijoita, jos olisi t\u00f6it\u00e4. Ja t\u00f6it\u00e4kin l\u00f6ytyy, joillain aloilla on huutava pula osaajista. Muuttajakoordinaattorin teht\u00e4v\u00e4n\u00e4 olisi kartoittaa ty\u00f6paikkoja ja tekem\u00e4t\u00f6nt\u00e4 ty\u00f6t\u00e4 ymp\u00e4ri Kainuun. Ei vain MOL:n sivuilla tai Kainuun [&hellip;]","thumbnail_url":"https:\/\/siljakeranen.fi\/blogi\/wp-content\/uploads\/2023\/01\/3L3A1767_valmis-pinempi.jpeg","thumbnail_width":1613,"thumbnail_height":1075}

Silja Keränen

Valtuustoaloite: Muuttajakoordinaattori Kainuun liittoon - Silja Keränen

<blockquote class="wp-embedded-content" data-secret="iGzFxlMWDQ"><a href="https://siljakeranen.fi/blogi/valtuustoaloite-muuttajakoordinaattori-kainuun-liittoon/">Valtuustoaloite: Muuttajakoordinaattori Kainuun liittoon</a></blockquote><iframe sandbox="allow-scripts" security="restricted" src="https://siljakeranen.fi/blogi/valtuustoaloite-muuttajakoordinaattori-kainuun-liittoon/embed/#?secret=iGzFxlMWDQ" width="600" height="338" title="&#8221;Valtuustoaloite: Muuttajakoordinaattori Kainuun liittoon&#8221; &#8212; Silja Keränen" data-secret="iGzFxlMWDQ" frameborder="0" marginwidth="0" marginheight="0" scrolling="no" class="wp-embedded-content"></iframe><script type="text/javascript">
/* <![CDATA[ */
/*! This file is auto-generated */
!function(d,l){"use strict";l.querySelector&&d.addEventListener&&"undefined"!=typeof URL&&(d.wp=d.wp||{},d.wp.receiveEmbedMessage||(d.wp.receiveEmbedMessage=function(e){var t=e.data;if((t||t.secret||t.message||t.value)&&!/[^a-zA-Z0-9]/.test(t.secret)){for(var s,r,n,a=l.querySelectorAll('iframe[data-secret="'+t.secret+'"]'),o=l.querySelectorAll('blockquote[data-secret="'+t.secret+'"]'),c=new RegExp("^https?:$","i"),i=0;i<o.length;i++)o[i].style.display="none";for(i=0;i<a.length;i++)s=a[i],e.source===s.contentWindow&&(s.removeAttribute("style"),"height"===t.message?(1e3<(r=parseInt(t.value,10))?r=1e3:~~r<200&&(r=200),s.height=r):"link"===t.message&&(r=new URL(s.getAttribute("src")),n=new URL(t.value),c.test(n.protocol))&&n.host===r.host&&l.activeElement===s&&(d.top.location.href=t.value))}},d.addEventListener("message",d.wp.receiveEmbedMessage,!1),l.addEventListener("DOMContentLoaded",function(){for(var e,t,s=l.querySelectorAll("iframe.wp-embedded-content"),r=0;r<s.length;r++)(t=(e=s[r]).getAttribute("data-secret"))||(t=Math.random().toString(36).substring(2,12),e.src+="#?secret="+t,e.setAttribute("data-secret",t)),e.contentWindow.postMessage({message:"ready",secret:t},"*")},!1)))}(window,document);
//# sourceURL=https://siljakeranen.fi/blogi/wp-includes/js/wp-embed.min.js
/* ]]> */
</script>

Jätin eilisessä maakuntavaltuuston kokouksessa valtuustoaloitteen: Valtuustoaloite: Muuttajakoordinaattori Kainuun liittoon Jos haluamme tehdä Kainuun vähenevälle väestökehitysennusteelle jotain, yksi ratkaisu on palkata Kainuulle yhteinen muuttajakoordinaattori. Kainuuseen kun olisi tulijoita, jos olisi töitä. Ja töitäkin löytyy, joillain aloilla on huutava pula osaajista. Muuttajakoordinaattorin tehtävänä olisi kartoittaa työpaikkoja ja tekemätöntä työtä ympäri Kainuun. Ei vain MOL:n sivuilla tai Kainuun [&hellip;]
