{"id":2493,"date":"2022-12-28T13:36:00","date_gmt":"2022-12-28T11:36:00","guid":{"rendered":"https:\/\/siljakeranen.fi\/blogi\/?page_id=2493"},"modified":"2024-09-02T18:45:40","modified_gmt":"2024-09-02T15:45:40","slug":"monimuotoiset-metsat","status":"publish","type":"page","link":"https:\/\/siljakeranen.fi\/blogi\/monimuotoiset-metsat\/","title":{"rendered":"Monimuotoiset mets\u00e4t"},"content":{"rendered":"<blockquote><p><span style=\"font-weight: 400;\">Metsist\u00e4 on moneen. Elinvoimaiset mets\u00e4t ovat monimuotoisia luonnoltaan, toimivat hiilinieluina ja -varastoina, ovat virkist\u00e4ytymisen ja hyvinvoinnin l\u00e4hde sek\u00e4 tarjoavat raaka-ainetta teollisuudelle. Meid\u00e4n on mahdollista saavuttaa t\u00e4m\u00e4 kaikki, mutta se vaatii muutoksia mets\u00e4politiikkaan.<\/span><\/p><\/blockquote>\n<p><span style=\"font-weight: 400;\">Suomi on sitoutunut pys\u00e4ytt\u00e4m\u00e4\u00e4n luonnon monimuotoisuuden heikkenemisen. Ensin se sitouduttiin tekem\u00e4\u00e4n vuoteen 2010 menness\u00e4. Kun siin\u00e4 ei onnistuttu, siirrettiin tavoitevuosi vuoteen 2020. Ja kun viel\u00e4k\u00e4\u00e4n ei onnistuttu, on uusi tavoitevuosi 2030. Mets\u00e4t ovat Suomessa uhanalaisten lajien merkitt\u00e4vin elinymp\u00e4rist\u00f6 &#8211; toki pitk\u00e4lti siksi, ett\u00e4 meill\u00e4 on paljon mets\u00e4\u00e4.&nbsp;<br \/>\n<\/span><\/p>\n<p><span style=\"font-weight: 400;\">Luonto joustaa ja sopeutuu aika paljon, mutta ei loputtomiin. Valitettava tosiasia on, ett\u00e4 luonto k\u00f6yhtyy koko ajan niin globaalisti kuin Euroopassakin, ja my\u00f6s meill\u00e4 Suomessa. El\u00e4mme jatkuvasti luonnon suhteen yli varojemme. Otamme velkaa tulevilta sukupolvilta.<\/span><\/p>\n<p><span style=\"font-weight: 400;\">On p\u00e4iv\u00e4nselv\u00e4\u00e4, ett\u00e4 ikuisesti t\u00e4llainen kehitys ei voi jatkua. <\/span><span style=\"font-weight: 400;\">Metsien rooli on my\u00f6s mit\u00e4 keskeisin, kun Suomi &#8211; ja Eurooppa, ja maailma &#8211; menev\u00e4t kohti hiilineutraaliutta (eli kasvihuonekaasup\u00e4\u00e4st\u00f6jen ja nielujen tasapainoa). Suomessa mets\u00e4t ovat perinteisesti olleet iso hiilinielu. Vuonna 2021 t\u00e4h\u00e4n tuli muutos, kun hiilinielutaso pieneni merkitt\u00e4v\u00e4sti. Siihen syyn\u00e4 olivat sek\u00e4 laskentatavan muutos, enn\u00e4tyssuuret hakkuut ett\u00e4 ohjeita voimakkaammat harvennukset.&nbsp;<\/span><\/p>\n<p>Mets\u00e4t ovat my\u00f6s monelle meist\u00e4 t\u00e4rke\u00e4 virkistyksen ja hyvinvoinnin l\u00e4hde. Lukuisat suomalaiset harrastavat retkeily\u00e4, vaeltamista, mets\u00e4styst\u00e4, marjastusta, sienestyst\u00e4, hiihtoa, suunnistusta, geok\u00e4tk\u00f6ily\u00e4, mets\u00e4nhoitot\u00f6it\u00e4, polkujuoksua, maastopy\u00f6r\u00e4ily\u00e4&#8230; Jotain, mik\u00e4 tapahtuu mets\u00e4ss\u00e4.&nbsp;<\/p>\n<p>Samaan aikaa mets\u00e4t ovat teollisuuden raaka-aineen l\u00e4hde. Mets\u00e4teollisuus on merkitt\u00e4v\u00e4 ty\u00f6llist\u00e4j\u00e4 ja osa kansantaloutta. Meid\u00e4n on mahdollista yhdist\u00e4\u00e4 metsien monet arvot &#8211; luonnon monimuotoisuuden kohentaminen, hiilinielutason kasvattaminen, virkistysarvojen s\u00e4ilytt\u00e4minen sek\u00e4 mets\u00e4teollisuuden toimintaedellytysten turvaaminen. Se ei ole helppoa, mutta se on sit\u00e4kin t\u00e4rke\u00e4mp\u00e4\u00e4.&nbsp;<\/p>\n<p>Metsien lis\u00e4ksi politiikan tekoni agendalla ovat keskeisesti my\u00f6s muut ymp\u00e4rist\u00f6kysymykset. Ilmastonmuutoksen hillint\u00e4 kokonaisuudessaan, luonnon monimuotoisuuden turvaaminen, el\u00e4inten hyvinvoinnin parantaminen, vesien tilan kohentaminen, kaivosasiat ja energiantuotanto.&nbsp;<\/p>\n<p><span style=\"font-weight: 400;\">N\u00e4m\u00e4 kaikki, eli luonto-, ilmasto- ja ymp\u00e4rist\u00f6kysymykset &#8211; sek\u00e4 meid\u00e4n mets\u00e4t &#8211; olivat aikoinaan syy minulle l\u00e4hte\u00e4 mukaan politiikkaan. Olenkin tehnyt paljon t\u00f6it\u00e4 juuri n\u00e4iden kysymysten parissa, ja kirjoituksia aiheista on vuosien saatossa kertynyt lukuisia. Lue lis\u00e4\u00e4, mit\u00e4 olen kirjoittanut:<\/span><\/p>\n<p style=\"padding-left: 40px;\"><span style=\"font-weight: 400;\"><a href=\"https:\/\/siljakeranen.fi\/blogi\/category\/metsa\/\" target=\"_blank\" rel=\"noopener\">Metsist\u00e4<\/a>&nbsp;<br \/>\n<a href=\"https:\/\/siljakeranen.fi\/blogi\/category\/ymparisto\/\" target=\"_blank\" rel=\"noopener\">Ymp\u00e4rist\u00f6st\u00e4<\/a><br \/>\n<a href=\"https:\/\/siljakeranen.fi\/blogi\/category\/ilmastonmuutos\/\" target=\"_blank\" rel=\"noopener\">Ilmastonmuutoksesta<\/a><\/span><\/p>\n<p><span style=\"font-weight: 400;\">Ja aihepiiri\u00e4 l\u00e4heisesti sivuten:<\/span><\/p>\n<p style=\"padding-left: 40px;\"><span style=\"font-weight: 400;\"><a href=\"https:\/\/siljakeranen.fi\/blogi\/category\/kaivokset\/\" target=\"_blank\" rel=\"noopener\">Kaivoksista<\/a><br \/>\n<a href=\"https:\/\/siljakeranen.fi\/blogi\/category\/maatalous\/\" target=\"_blank\" rel=\"noopener\">Maataloudesta<\/a><br \/>\n<a href=\"https:\/\/siljakeranen.fi\/blogi\/category\/energia\/\" target=\"_blank\" rel=\"noopener\">Energiasta<\/a><br \/>\n<a href=\"https:\/\/siljakeranen.fi\/blogi\/category\/liikenne\/\" target=\"_blank\" rel=\"noopener\">Liikenteest\u00e4<\/a><\/span><\/p>\n<p>&nbsp; &nbsp;&nbsp;<\/p>\n<div style=\"padding-bottom:20px; padding-top:10px;\" class=\"hupso-share-buttons\"><!-- Hupso Share Buttons - https:\/\/www.hupso.com\/share\/ --><a class=\"hupso_counters\" href=\"https:\/\/www.hupso.com\/share\/\"><img decoding=\"async\" src=\"https:\/\/static.hupso.com\/share\/buttons\/share-small.png\" style=\"border:0px; padding-top:2px; float:left;\" alt=\"Share Button\"\/><\/a><script type=\"text\/javascript\">var hupso_services_c=new Array(\"twitter\",\"facebook_like\",\"facebook_send\",\"google\");var hupso_counters_lang = \"en_US\";var hupso_image_folder_url = \"\";var hupso_url_c=\"\";var hupso_title_c=\"Monimuotoiset%20mets%C3%A4t\";<\/script><script type=\"text\/javascript\" src=\"https:\/\/static.hupso.com\/share\/js\/counters.js\"><\/script><!-- Hupso Share Buttons --><\/div>","protected":false},"excerpt":{"rendered":"<p>Metsist\u00e4 on moneen. Elinvoimaiset mets\u00e4t ovat monimuotoisia luonnoltaan, toimivat hiilinieluina ja -varastoina, ovat virkist\u00e4ytymisen ja hyvinvoinnin l\u00e4hde sek\u00e4 tarjoavat raaka-ainetta teollisuudelle. Meid\u00e4n on mahdollista saavuttaa t\u00e4m\u00e4 kaikki, mutta se vaatii muutoksia mets\u00e4politiikkaan. Suomi on sitoutunut pys\u00e4ytt\u00e4m\u00e4\u00e4n luonnon monimuotoisuuden heikkenemisen. Ensin se sitouduttiin tekem\u00e4\u00e4n vuoteen 2010 menness\u00e4. Kun siin\u00e4 ei onnistuttu, siirrettiin tavoitevuosi vuoteen 2020. Ja [&hellip;]<\/p>\n<div style=\"padding-bottom:20px; padding-top:10px;\" class=\"hupso-share-buttons\"><!-- Hupso Share Buttons - https:\/\/www.hupso.com\/share\/ --><a class=\"hupso_counters\" href=\"https:\/\/www.hupso.com\/share\/\"><img src=\"https:\/\/static.hupso.com\/share\/buttons\/share-small.png\" style=\"border:0px; padding-top:2px; float:left;\" alt=\"Share Button\"\/><\/a><script type=\"text\/javascript\">var hupso_services_c=new Array(\"twitter\",\"facebook_like\",\"facebook_send\",\"google\");var hupso_counters_lang = \"en_US\";var hupso_image_folder_url = \"\";var hupso_url_c=\"\";var hupso_title_c=\"Monimuotoiset%20mets%C3%A4t\";<\/script><script type=\"text\/javascript\" src=\"https:\/\/static.hupso.com\/share\/js\/counters.js\"><\/script><!-- Hupso Share Buttons --><\/div>","protected":false},"author":1,"featured_media":2494,"parent":0,"menu_order":0,"comment_status":"closed","ping_status":"closed","template":"","meta":{"ngg_post_thumbnail":0,"footnotes":""},"class_list":["post-2493","page","type-page","status-publish","has-post-thumbnail"],"yoast_head":"<!-- This site is optimized with the Yoast SEO plugin v27.3 - https:\/\/yoast.com\/product\/yoast-seo-wordpress\/ -->\n<title>Monimuotoiset mets\u00e4t - Silja Ker\u00e4nen<\/title>\n<meta name=\"description\" content=\"Monimuotoiset mets\u00e4t - Silja Ker\u00e4nen - Luonnon monimuotoisuuden heikkenemisen pys\u00e4ytt\u00e4minen on yksi aikamme keskeisist\u00e4 haasteista.\" \/>\n<meta name=\"robots\" content=\"index, follow, max-snippet:-1, max-image-preview:large, max-video-preview:-1\" \/>\n<link rel=\"canonical\" href=\"https:\/\/siljakeranen.fi\/blogi\/monimuotoiset-metsat\/\" \/>\n<meta property=\"og:locale\" content=\"fi_FI\" \/>\n<meta property=\"og:type\" content=\"article\" \/>\n<meta property=\"og:title\" content=\"Monimuotoiset mets\u00e4t - Silja Ker\u00e4nen\" \/>\n<meta property=\"og:description\" content=\"Monimuotoiset mets\u00e4t - Silja Ker\u00e4nen - Luonnon monimuotoisuuden heikkenemisen pys\u00e4ytt\u00e4minen on yksi aikamme keskeisist\u00e4 haasteista.\" \/>\n<meta property=\"og:url\" content=\"https:\/\/siljakeranen.fi\/blogi\/monimuotoiset-metsat\/\" \/>\n<meta property=\"og:site_name\" content=\"Silja Ker\u00e4nen\" \/>\n<meta property=\"article:publisher\" content=\"https:\/\/www.facebook.com\/siljamkeranen\" \/>\n<meta property=\"article:modified_time\" content=\"2024-09-02T15:45:40+00:00\" \/>\n<meta property=\"og:image\" content=\"https:\/\/siljakeranen.fi\/blogi\/wp-content\/uploads\/2022\/12\/3L3A1776_KORUPOIS.jpg\" \/>\n\t<meta property=\"og:image:width\" content=\"2048\" \/>\n\t<meta property=\"og:image:height\" content=\"1365\" \/>\n\t<meta property=\"og:image:type\" content=\"image\/jpeg\" \/>\n<meta name=\"twitter:card\" content=\"summary_large_image\" \/>\n<meta name=\"twitter:site\" content=\"@SiljaMP\" \/>\n<meta name=\"twitter:label1\" content=\"Arvioitu lukuaika\" \/>\n\t<meta name=\"twitter:data1\" content=\"2 minuuttia\" \/>\n<script type=\"application\/ld+json\" class=\"yoast-schema-graph\">{\"@context\":\"https:\\\/\\\/schema.org\",\"@graph\":[{\"@type\":\"WebPage\",\"@id\":\"https:\\\/\\\/siljakeranen.fi\\\/blogi\\\/monimuotoiset-metsat\\\/\",\"url\":\"https:\\\/\\\/siljakeranen.fi\\\/blogi\\\/monimuotoiset-metsat\\\/\",\"name\":\"Monimuotoiset mets\u00e4t - Silja Ker\u00e4nen\",\"isPartOf\":{\"@id\":\"https:\\\/\\\/siljakeranen.fi\\\/blogi\\\/#website\"},\"primaryImageOfPage\":{\"@id\":\"https:\\\/\\\/siljakeranen.fi\\\/blogi\\\/monimuotoiset-metsat\\\/#primaryimage\"},\"image\":{\"@id\":\"https:\\\/\\\/siljakeranen.fi\\\/blogi\\\/monimuotoiset-metsat\\\/#primaryimage\"},\"thumbnailUrl\":\"https:\\\/\\\/siljakeranen.fi\\\/blogi\\\/wp-content\\\/uploads\\\/2022\\\/12\\\/3L3A1776_KORUPOIS.jpg\",\"datePublished\":\"2022-12-28T11:36:00+00:00\",\"dateModified\":\"2024-09-02T15:45:40+00:00\",\"description\":\"Monimuotoiset mets\u00e4t - Silja Ker\u00e4nen - Luonnon monimuotoisuuden heikkenemisen pys\u00e4ytt\u00e4minen on yksi aikamme keskeisist\u00e4 haasteista.\",\"breadcrumb\":{\"@id\":\"https:\\\/\\\/siljakeranen.fi\\\/blogi\\\/monimuotoiset-metsat\\\/#breadcrumb\"},\"inLanguage\":\"fi\",\"potentialAction\":[{\"@type\":\"ReadAction\",\"target\":[\"https:\\\/\\\/siljakeranen.fi\\\/blogi\\\/monimuotoiset-metsat\\\/\"]}]},{\"@type\":\"ImageObject\",\"inLanguage\":\"fi\",\"@id\":\"https:\\\/\\\/siljakeranen.fi\\\/blogi\\\/monimuotoiset-metsat\\\/#primaryimage\",\"url\":\"https:\\\/\\\/siljakeranen.fi\\\/blogi\\\/wp-content\\\/uploads\\\/2022\\\/12\\\/3L3A1776_KORUPOIS.jpg\",\"contentUrl\":\"https:\\\/\\\/siljakeranen.fi\\\/blogi\\\/wp-content\\\/uploads\\\/2022\\\/12\\\/3L3A1776_KORUPOIS.jpg\",\"width\":2048,\"height\":1365,\"caption\":\"Silja Ker\u00e4nen\"},{\"@type\":\"BreadcrumbList\",\"@id\":\"https:\\\/\\\/siljakeranen.fi\\\/blogi\\\/monimuotoiset-metsat\\\/#breadcrumb\",\"itemListElement\":[{\"@type\":\"ListItem\",\"position\":1,\"name\":\"Etusivu\",\"item\":\"https:\\\/\\\/siljakeranen.fi\\\/blogi\\\/\"},{\"@type\":\"ListItem\",\"position\":2,\"name\":\"Monimuotoiset mets\u00e4t\"}]},{\"@type\":\"WebSite\",\"@id\":\"https:\\\/\\\/siljakeranen.fi\\\/blogi\\\/#website\",\"url\":\"https:\\\/\\\/siljakeranen.fi\\\/blogi\\\/\",\"name\":\"Silja Ker\u00e4nen\",\"description\":\"Silja Ker\u00e4nen, kainuulainen vihre\u00e4 poliitikko\",\"publisher\":{\"@id\":\"https:\\\/\\\/siljakeranen.fi\\\/blogi\\\/#\\\/schema\\\/person\\\/d43605ef0d5681c1b27a4ba1fede1cf4\"},\"potentialAction\":[{\"@type\":\"SearchAction\",\"target\":{\"@type\":\"EntryPoint\",\"urlTemplate\":\"https:\\\/\\\/siljakeranen.fi\\\/blogi\\\/?s={search_term_string}\"},\"query-input\":{\"@type\":\"PropertyValueSpecification\",\"valueRequired\":true,\"valueName\":\"search_term_string\"}}],\"inLanguage\":\"fi\"},{\"@type\":[\"Person\",\"Organization\"],\"@id\":\"https:\\\/\\\/siljakeranen.fi\\\/blogi\\\/#\\\/schema\\\/person\\\/d43605ef0d5681c1b27a4ba1fede1cf4\",\"name\":\"Silja\",\"image\":{\"@type\":\"ImageObject\",\"inLanguage\":\"fi\",\"@id\":\"https:\\\/\\\/siljakeranen.fi\\\/blogi\\\/wp-content\\\/uploads\\\/2023\\\/01\\\/cropped-silja_250x100.png\",\"url\":\"https:\\\/\\\/siljakeranen.fi\\\/blogi\\\/wp-content\\\/uploads\\\/2023\\\/01\\\/cropped-silja_250x100.png\",\"contentUrl\":\"https:\\\/\\\/siljakeranen.fi\\\/blogi\\\/wp-content\\\/uploads\\\/2023\\\/01\\\/cropped-silja_250x100.png\",\"width\":250,\"height\":100,\"caption\":\"Silja\"},\"logo\":{\"@id\":\"https:\\\/\\\/siljakeranen.fi\\\/blogi\\\/wp-content\\\/uploads\\\/2023\\\/01\\\/cropped-silja_250x100.png\"},\"sameAs\":[\"http:\\\/\\\/www.siljakeranen.fi\",\"https:\\\/\\\/www.facebook.com\\\/siljamkeranen\",\"https:\\\/\\\/www.instagram.com\\\/siljakeranen\\\/\",\"https:\\\/\\\/www.linkedin.com\\\/in\\\/silja-kernen-4331b548\\\/\",\"https:\\\/\\\/x.com\\\/https:\\\/\\\/twitter.com\\\/SiljaMP\",\"https:\\\/\\\/www.youtube.com\\\/channel\\\/UC0MWeuoWP4-Mjs1z8pIv3GQ\",\"https:\\\/\\\/fi.wikipedia.org\\\/wiki\\\/Silja_Kernen\"]}]}<\/script>\n<!-- \/ Yoast SEO plugin. -->","yoast_head_json":{"title":"Monimuotoiset mets\u00e4t - Silja Ker\u00e4nen","description":"Monimuotoiset mets\u00e4t - Silja Ker\u00e4nen - Luonnon monimuotoisuuden heikkenemisen pys\u00e4ytt\u00e4minen on yksi aikamme keskeisist\u00e4 haasteista.","robots":{"index":"index","follow":"follow","max-snippet":"max-snippet:-1","max-image-preview":"max-image-preview:large","max-video-preview":"max-video-preview:-1"},"canonical":"https:\/\/siljakeranen.fi\/blogi\/monimuotoiset-metsat\/","og_locale":"fi_FI","og_type":"article","og_title":"Monimuotoiset mets\u00e4t - Silja Ker\u00e4nen","og_description":"Monimuotoiset mets\u00e4t - Silja Ker\u00e4nen - Luonnon monimuotoisuuden heikkenemisen pys\u00e4ytt\u00e4minen on yksi aikamme keskeisist\u00e4 haasteista.","og_url":"https:\/\/siljakeranen.fi\/blogi\/monimuotoiset-metsat\/","og_site_name":"Silja Ker\u00e4nen","article_publisher":"https:\/\/www.facebook.com\/siljamkeranen","article_modified_time":"2024-09-02T15:45:40+00:00","og_image":[{"width":2048,"height":1365,"url":"https:\/\/siljakeranen.fi\/blogi\/wp-content\/uploads\/2022\/12\/3L3A1776_KORUPOIS.jpg","type":"image\/jpeg"}],"twitter_card":"summary_large_image","twitter_site":"@SiljaMP","twitter_misc":{"Arvioitu lukuaika":"2 minuuttia"},"schema":{"@context":"https:\/\/schema.org","@graph":[{"@type":"WebPage","@id":"https:\/\/siljakeranen.fi\/blogi\/monimuotoiset-metsat\/","url":"https:\/\/siljakeranen.fi\/blogi\/monimuotoiset-metsat\/","name":"Monimuotoiset mets\u00e4t - Silja Ker\u00e4nen","isPartOf":{"@id":"https:\/\/siljakeranen.fi\/blogi\/#website"},"primaryImageOfPage":{"@id":"https:\/\/siljakeranen.fi\/blogi\/monimuotoiset-metsat\/#primaryimage"},"image":{"@id":"https:\/\/siljakeranen.fi\/blogi\/monimuotoiset-metsat\/#primaryimage"},"thumbnailUrl":"https:\/\/siljakeranen.fi\/blogi\/wp-content\/uploads\/2022\/12\/3L3A1776_KORUPOIS.jpg","datePublished":"2022-12-28T11:36:00+00:00","dateModified":"2024-09-02T15:45:40+00:00","description":"Monimuotoiset mets\u00e4t - Silja Ker\u00e4nen - Luonnon monimuotoisuuden heikkenemisen pys\u00e4ytt\u00e4minen on yksi aikamme keskeisist\u00e4 haasteista.","breadcrumb":{"@id":"https:\/\/siljakeranen.fi\/blogi\/monimuotoiset-metsat\/#breadcrumb"},"inLanguage":"fi","potentialAction":[{"@type":"ReadAction","target":["https:\/\/siljakeranen.fi\/blogi\/monimuotoiset-metsat\/"]}]},{"@type":"ImageObject","inLanguage":"fi","@id":"https:\/\/siljakeranen.fi\/blogi\/monimuotoiset-metsat\/#primaryimage","url":"https:\/\/siljakeranen.fi\/blogi\/wp-content\/uploads\/2022\/12\/3L3A1776_KORUPOIS.jpg","contentUrl":"https:\/\/siljakeranen.fi\/blogi\/wp-content\/uploads\/2022\/12\/3L3A1776_KORUPOIS.jpg","width":2048,"height":1365,"caption":"Silja Ker\u00e4nen"},{"@type":"BreadcrumbList","@id":"https:\/\/siljakeranen.fi\/blogi\/monimuotoiset-metsat\/#breadcrumb","itemListElement":[{"@type":"ListItem","position":1,"name":"Etusivu","item":"https:\/\/siljakeranen.fi\/blogi\/"},{"@type":"ListItem","position":2,"name":"Monimuotoiset mets\u00e4t"}]},{"@type":"WebSite","@id":"https:\/\/siljakeranen.fi\/blogi\/#website","url":"https:\/\/siljakeranen.fi\/blogi\/","name":"Silja Ker\u00e4nen","description":"Silja Ker\u00e4nen, kainuulainen vihre\u00e4 poliitikko","publisher":{"@id":"https:\/\/siljakeranen.fi\/blogi\/#\/schema\/person\/d43605ef0d5681c1b27a4ba1fede1cf4"},"potentialAction":[{"@type":"SearchAction","target":{"@type":"EntryPoint","urlTemplate":"https:\/\/siljakeranen.fi\/blogi\/?s={search_term_string}"},"query-input":{"@type":"PropertyValueSpecification","valueRequired":true,"valueName":"search_term_string"}}],"inLanguage":"fi"},{"@type":["Person","Organization"],"@id":"https:\/\/siljakeranen.fi\/blogi\/#\/schema\/person\/d43605ef0d5681c1b27a4ba1fede1cf4","name":"Silja","image":{"@type":"ImageObject","inLanguage":"fi","@id":"https:\/\/siljakeranen.fi\/blogi\/wp-content\/uploads\/2023\/01\/cropped-silja_250x100.png","url":"https:\/\/siljakeranen.fi\/blogi\/wp-content\/uploads\/2023\/01\/cropped-silja_250x100.png","contentUrl":"https:\/\/siljakeranen.fi\/blogi\/wp-content\/uploads\/2023\/01\/cropped-silja_250x100.png","width":250,"height":100,"caption":"Silja"},"logo":{"@id":"https:\/\/siljakeranen.fi\/blogi\/wp-content\/uploads\/2023\/01\/cropped-silja_250x100.png"},"sameAs":["http:\/\/www.siljakeranen.fi","https:\/\/www.facebook.com\/siljamkeranen","https:\/\/www.instagram.com\/siljakeranen\/","https:\/\/www.linkedin.com\/in\/silja-kernen-4331b548\/","https:\/\/x.com\/https:\/\/twitter.com\/SiljaMP","https:\/\/www.youtube.com\/channel\/UC0MWeuoWP4-Mjs1z8pIv3GQ","https:\/\/fi.wikipedia.org\/wiki\/Silja_Kernen"]}]}},"_links":{"self":[{"href":"https:\/\/siljakeranen.fi\/blogi\/wp-json\/wp\/v2\/pages\/2493","targetHints":{"allow":["GET"]}}],"collection":[{"href":"https:\/\/siljakeranen.fi\/blogi\/wp-json\/wp\/v2\/pages"}],"about":[{"href":"https:\/\/siljakeranen.fi\/blogi\/wp-json\/wp\/v2\/types\/page"}],"author":[{"embeddable":true,"href":"https:\/\/siljakeranen.fi\/blogi\/wp-json\/wp\/v2\/users\/1"}],"replies":[{"embeddable":true,"href":"https:\/\/siljakeranen.fi\/blogi\/wp-json\/wp\/v2\/comments?post=2493"}],"version-history":[{"count":12,"href":"https:\/\/siljakeranen.fi\/blogi\/wp-json\/wp\/v2\/pages\/2493\/revisions"}],"predecessor-version":[{"id":2944,"href":"https:\/\/siljakeranen.fi\/blogi\/wp-json\/wp\/v2\/pages\/2493\/revisions\/2944"}],"wp:featuredmedia":[{"embeddable":true,"href":"https:\/\/siljakeranen.fi\/blogi\/wp-json\/wp\/v2\/media\/2494"}],"wp:attachment":[{"href":"https:\/\/siljakeranen.fi\/blogi\/wp-json\/wp\/v2\/media?parent=2493"}],"curies":[{"name":"wp","href":"https:\/\/api.w.org\/{rel}","templated":true}]}}