{"id":2499,"date":"2022-12-28T15:11:20","date_gmt":"2022-12-28T13:11:20","guid":{"rendered":"https:\/\/siljakeranen.fi\/blogi\/?page_id=2499"},"modified":"2023-08-19T17:18:17","modified_gmt":"2023-08-19T14:18:17","slug":"toimiva-koulutusketju","status":"publish","type":"page","link":"https:\/\/siljakeranen.fi\/blogi\/toimiva-koulutusketju\/","title":{"rendered":"Toimiva koulutusketju"},"content":{"rendered":"<blockquote><p>T\u00e4ss\u00e4 maailmanajassa on erityisen panostaa koulutukseen, osaamiseen, tieteeseen, tutkimukseen, sivistykseen sek\u00e4 kulttuuriin. Se on itsess\u00e4\u00e4n t\u00e4rke\u00e4\u00e4, mutta se on my\u00f6s avain isojen globaalien haasteiden ratkaisemiseksi, hyvinvoinnin parantamiseksi sek\u00e4 kansantalouden menestymiseksi.&nbsp;<\/p><\/blockquote>\n<p>Marinin hallitus panosti koulutukseen l\u00e4hes miljardin euron verran. Kun valtiontaloutta joudutaan tasapainottamaan, on keskeist\u00e4, ett\u00e4 koulutuksesta ei p\u00e4\u00e4dyt\u00e4 leikkaamaan. Ei my\u00f6sk\u00e4\u00e4n kiertoteitse kuntien valtionosuuksia pienent\u00e4m\u00e4ll\u00e4.&nbsp;<\/p>\n<p>Koko koulutusketjun laadusta varhaiskasvatuksesta yliopistoihin asti on pidett\u00e4v\u00e4 huolta. Samalla on varmistettava koulutuksen alueellinen saavutettavuus &#8211; etteiv\u00e4t pienten koululaisten koulumatkat kasva liian pitkiksi, ett\u00e4 toisen asteen koulutusta on saatavilla l\u00e4hialueella ja ett\u00e4 korkeakoulutuspaikkoja on kattavasti eri puolilla maata.<\/p>\n<p>Suomen tavoite on, ett\u00e4 puolet nuorista suorittaa korkeakoulututkinnon. Tavoite on aivan oikea ja sen vuoksi opintojen laadusta sek\u00e4 korkeakoulupaikkojen alueellisesta kattavuudesta on pidett\u00e4v\u00e4 kiinni. Samaan aikaan tutkimukseen on tarpeen panostaa &#8211; vain siten luomme uutta ja pystymme ratkomaan aikamme isoja haasteita. Lis\u00e4ksi tutkitun tiedon on oltava p\u00e4\u00e4t\u00f6ksenteon takana &#8211; harmillisen usein levitet\u00e4\u00e4n v\u00e4\u00e4r\u00e4\u00e4 ja harhaanjohtavaa informaatiota.&nbsp;<\/p>\n<p>Osaava kansakunta n\u00e4kee my\u00f6s laajan sivistysty\u00f6n sek\u00e4 kulttuurin arvon. Kirjastot, kansalaisopistot sek\u00e4 muu vapaa sivistysty\u00f6 ja meid\u00e4n kattava sek\u00e4 monipuolinen kulttuuri ovat itsess\u00e4\u00e4n t\u00e4rkeit\u00e4 sek\u00e4 hyv\u00e4n yhteiskunnan peruspilareita.<\/p>\n<p>Lue lis\u00e4\u00e4 kirjoituksiani:<\/p>\n<p style=\"padding-left: 40px;\"><a href=\"https:\/\/siljakeranen.fi\/blogi\/category\/koulutus\/\" rel=\"noopener\">Koulutuksesta<\/a><\/p>\n<p style=\"padding-left: 40px;\"><a style=\"font-family: 'Open Sans'; font-weight: inherit;\" href=\"https:\/\/siljakeranen.fi\/blogi\/category\/kulttuuri\/\" rel=\"noopener\">Kulttuurista<\/a><\/p>\n<p style=\"padding-left: 40px;\"><span style=\"font-family: 'Open Sans'; font-weight: inherit;\">&nbsp; &nbsp; &nbsp;&nbsp;<\/span><\/p>\n<div style=\"padding-bottom:20px; padding-top:10px;\" class=\"hupso-share-buttons\"><!-- Hupso Share Buttons - https:\/\/www.hupso.com\/share\/ --><a class=\"hupso_counters\" href=\"https:\/\/www.hupso.com\/share\/\"><img decoding=\"async\" src=\"https:\/\/static.hupso.com\/share\/buttons\/share-small.png\" style=\"border:0px; padding-top:2px; float:left;\" alt=\"Share Button\"\/><\/a><script type=\"text\/javascript\">var hupso_services_c=new Array(\"twitter\",\"facebook_like\",\"facebook_send\",\"google\");var hupso_counters_lang = \"en_US\";var hupso_image_folder_url = \"\";var hupso_url_c=\"\";var hupso_title_c=\"Toimiva%20koulutusketju\";<\/script><script type=\"text\/javascript\" src=\"https:\/\/static.hupso.com\/share\/js\/counters.js\"><\/script><!-- Hupso Share Buttons --><\/div>","protected":false},"excerpt":{"rendered":"<p>T\u00e4ss\u00e4 maailmanajassa on erityisen panostaa koulutukseen, osaamiseen, tieteeseen, tutkimukseen, sivistykseen sek\u00e4 kulttuuriin. Se on itsess\u00e4\u00e4n t\u00e4rke\u00e4\u00e4, mutta se on my\u00f6s avain isojen globaalien haasteiden ratkaisemiseksi, hyvinvoinnin parantamiseksi sek\u00e4 kansantalouden menestymiseksi.&nbsp; Marinin hallitus panosti koulutukseen l\u00e4hes miljardin euron verran. Kun valtiontaloutta joudutaan tasapainottamaan, on keskeist\u00e4, ett\u00e4 koulutuksesta ei p\u00e4\u00e4dyt\u00e4 leikkaamaan. Ei my\u00f6sk\u00e4\u00e4n kiertoteitse kuntien valtionosuuksia pienent\u00e4m\u00e4ll\u00e4.&nbsp; [&hellip;]<\/p>\n<div style=\"padding-bottom:20px; padding-top:10px;\" class=\"hupso-share-buttons\"><!-- Hupso Share Buttons - https:\/\/www.hupso.com\/share\/ --><a class=\"hupso_counters\" href=\"https:\/\/www.hupso.com\/share\/\"><img src=\"https:\/\/static.hupso.com\/share\/buttons\/share-small.png\" style=\"border:0px; padding-top:2px; float:left;\" alt=\"Share Button\"\/><\/a><script type=\"text\/javascript\">var hupso_services_c=new Array(\"twitter\",\"facebook_like\",\"facebook_send\",\"google\");var hupso_counters_lang = \"en_US\";var hupso_image_folder_url = \"\";var hupso_url_c=\"\";var hupso_title_c=\"Toimiva%20koulutusketju\";<\/script><script type=\"text\/javascript\" src=\"https:\/\/static.hupso.com\/share\/js\/counters.js\"><\/script><!-- Hupso Share Buttons --><\/div>","protected":false},"author":1,"featured_media":2515,"parent":0,"menu_order":0,"comment_status":"closed","ping_status":"closed","template":"","meta":{"ngg_post_thumbnail":0,"footnotes":""},"class_list":["post-2499","page","type-page","status-publish","has-post-thumbnail"],"yoast_head":"<!-- This site is optimized with the Yoast SEO plugin v26.8 - https:\/\/yoast.com\/product\/yoast-seo-wordpress\/ -->\n<title>Toimiva koulutusketju - Silja Ker\u00e4nen<\/title>\n<meta name=\"description\" content=\"Toimiva koulutusketju - Silja Ker\u00e4nen - On t\u00e4rke\u00e4\u00e4 panostaa koulutukseen, osaamiseen, tieteeseen, tutkimukseen, sivistykseen ja kulttuuriin\" \/>\n<meta name=\"robots\" content=\"index, follow, max-snippet:-1, max-image-preview:large, max-video-preview:-1\" \/>\n<link rel=\"canonical\" href=\"https:\/\/siljakeranen.fi\/blogi\/toimiva-koulutusketju\/\" \/>\n<meta property=\"og:locale\" content=\"fi_FI\" \/>\n<meta property=\"og:type\" content=\"article\" \/>\n<meta property=\"og:title\" content=\"Toimiva koulutusketju - Silja Ker\u00e4nen\" \/>\n<meta property=\"og:description\" content=\"Toimiva koulutusketju - Silja Ker\u00e4nen - On t\u00e4rke\u00e4\u00e4 panostaa koulutukseen, osaamiseen, tieteeseen, tutkimukseen, sivistykseen ja kulttuuriin\" \/>\n<meta property=\"og:url\" content=\"https:\/\/siljakeranen.fi\/blogi\/toimiva-koulutusketju\/\" \/>\n<meta property=\"og:site_name\" content=\"Silja Ker\u00e4nen\" \/>\n<meta property=\"article:publisher\" content=\"https:\/\/www.facebook.com\/siljamkeranen\" \/>\n<meta property=\"article:modified_time\" content=\"2023-08-19T14:18:17+00:00\" \/>\n<meta property=\"og:image\" content=\"https:\/\/siljakeranen.fi\/blogi\/wp-content\/uploads\/2022\/12\/3L3A9905.jpg\" \/>\n\t<meta property=\"og:image:width\" content=\"2048\" \/>\n\t<meta property=\"og:image:height\" content=\"1365\" \/>\n\t<meta property=\"og:image:type\" content=\"image\/jpeg\" \/>\n<meta name=\"twitter:card\" content=\"summary_large_image\" \/>\n<meta name=\"twitter:site\" content=\"@SiljaMP\" \/>\n<meta name=\"twitter:label1\" content=\"Arvioitu lukuaika\" \/>\n\t<meta name=\"twitter:data1\" content=\"2 minuuttia\" \/>\n<script type=\"application\/ld+json\" class=\"yoast-schema-graph\">{\"@context\":\"https:\/\/schema.org\",\"@graph\":[{\"@type\":\"WebPage\",\"@id\":\"https:\/\/siljakeranen.fi\/blogi\/toimiva-koulutusketju\/\",\"url\":\"https:\/\/siljakeranen.fi\/blogi\/toimiva-koulutusketju\/\",\"name\":\"Toimiva koulutusketju - Silja Ker\u00e4nen\",\"isPartOf\":{\"@id\":\"https:\/\/siljakeranen.fi\/blogi\/#website\"},\"primaryImageOfPage\":{\"@id\":\"https:\/\/siljakeranen.fi\/blogi\/toimiva-koulutusketju\/#primaryimage\"},\"image\":{\"@id\":\"https:\/\/siljakeranen.fi\/blogi\/toimiva-koulutusketju\/#primaryimage\"},\"thumbnailUrl\":\"https:\/\/siljakeranen.fi\/blogi\/wp-content\/uploads\/2022\/12\/3L3A9905.jpg\",\"datePublished\":\"2022-12-28T13:11:20+00:00\",\"dateModified\":\"2023-08-19T14:18:17+00:00\",\"description\":\"Toimiva koulutusketju - Silja Ker\u00e4nen - On t\u00e4rke\u00e4\u00e4 panostaa koulutukseen, osaamiseen, tieteeseen, tutkimukseen, sivistykseen ja kulttuuriin\",\"breadcrumb\":{\"@id\":\"https:\/\/siljakeranen.fi\/blogi\/toimiva-koulutusketju\/#breadcrumb\"},\"inLanguage\":\"fi\",\"potentialAction\":[{\"@type\":\"ReadAction\",\"target\":[\"https:\/\/siljakeranen.fi\/blogi\/toimiva-koulutusketju\/\"]}]},{\"@type\":\"ImageObject\",\"inLanguage\":\"fi\",\"@id\":\"https:\/\/siljakeranen.fi\/blogi\/toimiva-koulutusketju\/#primaryimage\",\"url\":\"https:\/\/siljakeranen.fi\/blogi\/wp-content\/uploads\/2022\/12\/3L3A9905.jpg\",\"contentUrl\":\"https:\/\/siljakeranen.fi\/blogi\/wp-content\/uploads\/2022\/12\/3L3A9905.jpg\",\"width\":2048,\"height\":1365,\"caption\":\"Silja Ker\u00e4nen\"},{\"@type\":\"BreadcrumbList\",\"@id\":\"https:\/\/siljakeranen.fi\/blogi\/toimiva-koulutusketju\/#breadcrumb\",\"itemListElement\":[{\"@type\":\"ListItem\",\"position\":1,\"name\":\"Etusivu\",\"item\":\"https:\/\/siljakeranen.fi\/blogi\/\"},{\"@type\":\"ListItem\",\"position\":2,\"name\":\"Toimiva koulutusketju\"}]},{\"@type\":\"WebSite\",\"@id\":\"https:\/\/siljakeranen.fi\/blogi\/#website\",\"url\":\"https:\/\/siljakeranen.fi\/blogi\/\",\"name\":\"Silja Ker\u00e4nen\",\"description\":\"Silja Ker\u00e4nen, kainuulainen vihre\u00e4 poliitikko\",\"publisher\":{\"@id\":\"https:\/\/siljakeranen.fi\/blogi\/#\/schema\/person\/d43605ef0d5681c1b27a4ba1fede1cf4\"},\"potentialAction\":[{\"@type\":\"SearchAction\",\"target\":{\"@type\":\"EntryPoint\",\"urlTemplate\":\"https:\/\/siljakeranen.fi\/blogi\/?s={search_term_string}\"},\"query-input\":{\"@type\":\"PropertyValueSpecification\",\"valueRequired\":true,\"valueName\":\"search_term_string\"}}],\"inLanguage\":\"fi\"},{\"@type\":[\"Person\",\"Organization\"],\"@id\":\"https:\/\/siljakeranen.fi\/blogi\/#\/schema\/person\/d43605ef0d5681c1b27a4ba1fede1cf4\",\"name\":\"Silja\",\"image\":{\"@type\":\"ImageObject\",\"inLanguage\":\"fi\",\"@id\":\"https:\/\/siljakeranen.fi\/blogi\/#\/schema\/person\/image\/\",\"url\":\"https:\/\/siljakeranen.fi\/blogi\/wp-content\/uploads\/2023\/01\/cropped-silja_250x100.png\",\"contentUrl\":\"https:\/\/siljakeranen.fi\/blogi\/wp-content\/uploads\/2023\/01\/cropped-silja_250x100.png\",\"width\":250,\"height\":100,\"caption\":\"Silja\"},\"logo\":{\"@id\":\"https:\/\/siljakeranen.fi\/blogi\/#\/schema\/person\/image\/\"},\"sameAs\":[\"http:\/\/www.siljakeranen.fi\",\"https:\/\/www.facebook.com\/siljamkeranen\",\"https:\/\/www.instagram.com\/siljakeranen\/\",\"https:\/\/www.linkedin.com\/in\/silja-kernen-4331b548\/\",\"https:\/\/x.com\/https:\/\/twitter.com\/SiljaMP\",\"https:\/\/www.youtube.com\/channel\/UC0MWeuoWP4-Mjs1z8pIv3GQ\",\"https:\/\/fi.wikipedia.org\/wiki\/Silja_Kernen\"]}]}<\/script>\n<!-- \/ Yoast SEO plugin. -->","yoast_head_json":{"title":"Toimiva koulutusketju - Silja Ker\u00e4nen","description":"Toimiva koulutusketju - Silja Ker\u00e4nen - On t\u00e4rke\u00e4\u00e4 panostaa koulutukseen, osaamiseen, tieteeseen, tutkimukseen, sivistykseen ja kulttuuriin","robots":{"index":"index","follow":"follow","max-snippet":"max-snippet:-1","max-image-preview":"max-image-preview:large","max-video-preview":"max-video-preview:-1"},"canonical":"https:\/\/siljakeranen.fi\/blogi\/toimiva-koulutusketju\/","og_locale":"fi_FI","og_type":"article","og_title":"Toimiva koulutusketju - Silja Ker\u00e4nen","og_description":"Toimiva koulutusketju - Silja Ker\u00e4nen - On t\u00e4rke\u00e4\u00e4 panostaa koulutukseen, osaamiseen, tieteeseen, tutkimukseen, sivistykseen ja kulttuuriin","og_url":"https:\/\/siljakeranen.fi\/blogi\/toimiva-koulutusketju\/","og_site_name":"Silja Ker\u00e4nen","article_publisher":"https:\/\/www.facebook.com\/siljamkeranen","article_modified_time":"2023-08-19T14:18:17+00:00","og_image":[{"width":2048,"height":1365,"url":"https:\/\/siljakeranen.fi\/blogi\/wp-content\/uploads\/2022\/12\/3L3A9905.jpg","type":"image\/jpeg"}],"twitter_card":"summary_large_image","twitter_site":"@SiljaMP","twitter_misc":{"Arvioitu lukuaika":"2 minuuttia"},"schema":{"@context":"https:\/\/schema.org","@graph":[{"@type":"WebPage","@id":"https:\/\/siljakeranen.fi\/blogi\/toimiva-koulutusketju\/","url":"https:\/\/siljakeranen.fi\/blogi\/toimiva-koulutusketju\/","name":"Toimiva koulutusketju - Silja Ker\u00e4nen","isPartOf":{"@id":"https:\/\/siljakeranen.fi\/blogi\/#website"},"primaryImageOfPage":{"@id":"https:\/\/siljakeranen.fi\/blogi\/toimiva-koulutusketju\/#primaryimage"},"image":{"@id":"https:\/\/siljakeranen.fi\/blogi\/toimiva-koulutusketju\/#primaryimage"},"thumbnailUrl":"https:\/\/siljakeranen.fi\/blogi\/wp-content\/uploads\/2022\/12\/3L3A9905.jpg","datePublished":"2022-12-28T13:11:20+00:00","dateModified":"2023-08-19T14:18:17+00:00","description":"Toimiva koulutusketju - Silja Ker\u00e4nen - On t\u00e4rke\u00e4\u00e4 panostaa koulutukseen, osaamiseen, tieteeseen, tutkimukseen, sivistykseen ja kulttuuriin","breadcrumb":{"@id":"https:\/\/siljakeranen.fi\/blogi\/toimiva-koulutusketju\/#breadcrumb"},"inLanguage":"fi","potentialAction":[{"@type":"ReadAction","target":["https:\/\/siljakeranen.fi\/blogi\/toimiva-koulutusketju\/"]}]},{"@type":"ImageObject","inLanguage":"fi","@id":"https:\/\/siljakeranen.fi\/blogi\/toimiva-koulutusketju\/#primaryimage","url":"https:\/\/siljakeranen.fi\/blogi\/wp-content\/uploads\/2022\/12\/3L3A9905.jpg","contentUrl":"https:\/\/siljakeranen.fi\/blogi\/wp-content\/uploads\/2022\/12\/3L3A9905.jpg","width":2048,"height":1365,"caption":"Silja Ker\u00e4nen"},{"@type":"BreadcrumbList","@id":"https:\/\/siljakeranen.fi\/blogi\/toimiva-koulutusketju\/#breadcrumb","itemListElement":[{"@type":"ListItem","position":1,"name":"Etusivu","item":"https:\/\/siljakeranen.fi\/blogi\/"},{"@type":"ListItem","position":2,"name":"Toimiva koulutusketju"}]},{"@type":"WebSite","@id":"https:\/\/siljakeranen.fi\/blogi\/#website","url":"https:\/\/siljakeranen.fi\/blogi\/","name":"Silja Ker\u00e4nen","description":"Silja Ker\u00e4nen, kainuulainen vihre\u00e4 poliitikko","publisher":{"@id":"https:\/\/siljakeranen.fi\/blogi\/#\/schema\/person\/d43605ef0d5681c1b27a4ba1fede1cf4"},"potentialAction":[{"@type":"SearchAction","target":{"@type":"EntryPoint","urlTemplate":"https:\/\/siljakeranen.fi\/blogi\/?s={search_term_string}"},"query-input":{"@type":"PropertyValueSpecification","valueRequired":true,"valueName":"search_term_string"}}],"inLanguage":"fi"},{"@type":["Person","Organization"],"@id":"https:\/\/siljakeranen.fi\/blogi\/#\/schema\/person\/d43605ef0d5681c1b27a4ba1fede1cf4","name":"Silja","image":{"@type":"ImageObject","inLanguage":"fi","@id":"https:\/\/siljakeranen.fi\/blogi\/#\/schema\/person\/image\/","url":"https:\/\/siljakeranen.fi\/blogi\/wp-content\/uploads\/2023\/01\/cropped-silja_250x100.png","contentUrl":"https:\/\/siljakeranen.fi\/blogi\/wp-content\/uploads\/2023\/01\/cropped-silja_250x100.png","width":250,"height":100,"caption":"Silja"},"logo":{"@id":"https:\/\/siljakeranen.fi\/blogi\/#\/schema\/person\/image\/"},"sameAs":["http:\/\/www.siljakeranen.fi","https:\/\/www.facebook.com\/siljamkeranen","https:\/\/www.instagram.com\/siljakeranen\/","https:\/\/www.linkedin.com\/in\/silja-kernen-4331b548\/","https:\/\/x.com\/https:\/\/twitter.com\/SiljaMP","https:\/\/www.youtube.com\/channel\/UC0MWeuoWP4-Mjs1z8pIv3GQ","https:\/\/fi.wikipedia.org\/wiki\/Silja_Kernen"]}]}},"_links":{"self":[{"href":"https:\/\/siljakeranen.fi\/blogi\/wp-json\/wp\/v2\/pages\/2499","targetHints":{"allow":["GET"]}}],"collection":[{"href":"https:\/\/siljakeranen.fi\/blogi\/wp-json\/wp\/v2\/pages"}],"about":[{"href":"https:\/\/siljakeranen.fi\/blogi\/wp-json\/wp\/v2\/types\/page"}],"author":[{"embeddable":true,"href":"https:\/\/siljakeranen.fi\/blogi\/wp-json\/wp\/v2\/users\/1"}],"replies":[{"embeddable":true,"href":"https:\/\/siljakeranen.fi\/blogi\/wp-json\/wp\/v2\/comments?post=2499"}],"version-history":[{"count":10,"href":"https:\/\/siljakeranen.fi\/blogi\/wp-json\/wp\/v2\/pages\/2499\/revisions"}],"predecessor-version":[{"id":2767,"href":"https:\/\/siljakeranen.fi\/blogi\/wp-json\/wp\/v2\/pages\/2499\/revisions\/2767"}],"wp:featuredmedia":[{"embeddable":true,"href":"https:\/\/siljakeranen.fi\/blogi\/wp-json\/wp\/v2\/media\/2515"}],"wp:attachment":[{"href":"https:\/\/siljakeranen.fi\/blogi\/wp-json\/wp\/v2\/media?parent=2499"}],"curies":[{"name":"wp","href":"https:\/\/api.w.org\/{rel}","templated":true}]}}