{"id":2856,"date":"2024-05-10T18:33:30","date_gmt":"2024-05-10T15:33:30","guid":{"rendered":"https:\/\/siljakeranen.fi\/blogi\/?page_id=2856"},"modified":"2024-06-05T22:50:02","modified_gmt":"2024-06-05T19:50:02","slug":"miksi-silja","status":"publish","type":"page","link":"https:\/\/siljakeranen.fi\/blogi\/miksi-silja\/","title":{"rendered":"Miksi Silja?"},"content":{"rendered":"<p style=\"padding-left: 40px;\">1. Olen ollut EU:lla t\u00f6iss\u00e4<\/p>\n<p>Pian diplomi-insin\u00f6\u00f6riksi valmistumisen j\u00e4lkeen olin t\u00f6iss\u00e4 EU-virkamiehen\u00e4 Euroopan kemikaalivirastossa Helsingiss\u00e4. Viraston teht\u00e4v\u00e4n\u00e4 oli laittaa toimeen EU:n silloin viel\u00e4 uunituore kemikaaliturvallisuuteen liittyv\u00e4 REACH-asetus. Minun ty\u00f6nkuvaani kuului etenkin kemikaalien rekister\u00f6intiprosessin sujuvuuden parantaminen esimerkiksi tietoj\u00e4rjestelm\u00e4n kehitt\u00e4misen my\u00f6t\u00e4. Monipuolinen ja mielek\u00e4s ty\u00f6, jossa ty\u00f6kaverit olivat p\u00e4\u00e4s\u00e4\u00e4nt\u00f6isesti ei-suomalaisia.&nbsp;<\/p>\n<p>Nyt Kajaanissa asuessa olen puolestaan ty\u00f6skennellyt EU:n aluekehityshankkeiden parissa. Ensin eurooppalaista yhteisty\u00f6t\u00e4 vahvistavissa Interreg-hankkeissa, ja nyttemmin enemm\u00e4n Kainuun kehitt\u00e4miseen keskittyviss\u00e4 aluekehityshankkeissa.&nbsp;<\/p>\n<p>&nbsp;<\/p>\n<p style=\"padding-left: 40px;\">2. Vahva osaaminen EU:n ydinsubstansseista<\/p>\n<p>EU k\u00e4ytt\u00e4\u00e4 budjetistaan noin 40 % maataloustukiin ja huomattavan summan koheesiopolitikkaan &#8211; eli alueiden tukemiseen. Lis\u00e4ksi EU on todella keskeinen toimija luonto-, ilmasto- ja ymp\u00e4rist\u00f6asioissa. N\u00e4m\u00e4 kaikki ovat minun osaamisen ydint\u00e4 ja mielenkiintoni kohteita. Maatalouden kehitt\u00e4minen kest\u00e4v\u00e4mm\u00e4ksi, mets\u00e4puolen asiat ja vahva aluepolitiikka &#8211; juuri n\u00e4iden asioiden parissa haluan tehd\u00e4 t\u00f6it\u00e4 ja vied\u00e4 niit\u00e4 parempaan suuntaan.&nbsp;<br \/>\n(Katso muista kohdista n\u00e4ilt\u00e4 sivuilta, ett\u00e4 miten. \ud83d\ude42 )<\/p>\n<p>&nbsp;<\/p>\n<p style=\"padding-left: 40px;\">3. Sopivasti poliittista kokemusta, mutta paljon uuden ihmisen intoa<\/p>\n<p>Olen toiminut politiikassa hieman p\u00e4\u00e4lle kymmenen vuotta. Sen my\u00f6t\u00e4 kokemusta on karttunut ja olen oppinut saamaan asioita aikaiseksi. Toisaalta olen kuitenkin uusi europarlamentin ympyr\u00f6iss\u00e4 ja sit\u00e4 my\u00f6ten innokas tekem\u00e4\u00e4n asioita ja muuttamaa<span style=\"color: #000000;\">n maailmaa. Sek\u00e4 kokemusta ett\u00e4 tekemisen paloa tarvitaan, jotta asioita saa aikaan.&nbsp;<\/span><\/p>\n<p>&nbsp;&nbsp;<\/p>\n<div dir=\"auto\" style=\"padding-left: 40px;\"><span style=\"color: #000000;\">4. Kyky\u00e4 tehd\u00e4 t\u00f6it\u00e4, rakentavasti<\/span><\/div>\n<div dir=\"auto\">\n<p><span style=\"color: #000000;\">Politiikassa my\u00f6s puheet ovat tekoja, mutta paljon tarvitaan my\u00f6s tietokoneella istumista, ihmisten kanssa keskusteluja, asioiden hoitamista, tekstien kirjoittamista, strategioiden eteenp\u00e4inviemist\u00e4, viesteihin vastaamista, palavereissa olemista \u2013 eli asioiden ja itsens\u00e4 johtamista. T\u00e4m\u00e4n osaan. Teen t\u00f6it\u00e4 ahkerasti. Pyrin my\u00f6s l\u00f6yt\u00e4m\u00e4\u00e4n kompromisseja ja etsim\u00e4\u00e4n ratkaisun, joka on mahdollisimman monelle mahdollisimman hyv\u00e4.<\/span><\/p>\n<p>&nbsp;<\/p>\n<p style=\"padding-left: 40px;\">5. Vihre\u00e4\u00e4 n\u00e4kemyst\u00e4 isojen kaupunkien ulkopuolelta<\/p>\n<p>Vaikka olen asunut isoissa kaupungeissa &#8211; Helsingiss\u00e4, Singaporessa, Oulussa ja Kuopiossa &#8211; olen kotoisin ja olen asettunut asumaan Kajaaniin. Vaikka Kajaani toki on ihana kaupunki, ei meit\u00e4 nyt kovin isona metropolina voi pit\u00e4\u00e4. Minulla onkin vahva halu ajaa harvaan asutun ja isojen kaupunkien ulkopuolisen Suomen asiaa, koska n\u00e4en sen monesta syyst\u00e4 t\u00e4rke\u00e4n\u00e4. Samaan aikaan koen, ett\u00e4 ymp\u00e4rist\u00f6politiikan p\u00e4\u00e4t\u00f6ksenteossa on t\u00e4rke\u00e4\u00e4 olla ymm\u00e4rryst\u00e4 maaseudun realiteeteista ja ett\u00e4 min\u00e4 kainuulaisena vihre\u00e4n\u00e4 sit\u00e4 n\u00e4k\u00f6kulmaa pystyn juuri hyvin tuomaan.&nbsp;&nbsp;<\/p>\n<\/div>\n<p>&nbsp;&nbsp;<\/p>\n<p>&nbsp; &nbsp; &nbsp;&nbsp;<\/p>\n<div style=\"padding-bottom:20px; padding-top:10px;\" class=\"hupso-share-buttons\"><!-- Hupso Share Buttons - https:\/\/www.hupso.com\/share\/ --><a class=\"hupso_counters\" href=\"https:\/\/www.hupso.com\/share\/\"><img decoding=\"async\" src=\"https:\/\/static.hupso.com\/share\/buttons\/share-small.png\" style=\"border:0px; padding-top:2px; float:left;\" alt=\"Share Button\"\/><\/a><script type=\"text\/javascript\">var hupso_services_c=new Array(\"twitter\",\"facebook_like\",\"facebook_send\",\"google\");var hupso_counters_lang = \"en_US\";var hupso_image_folder_url = \"\";var hupso_url_c=\"\";var hupso_title_c=\"Miksi%20Silja%3F\";<\/script><script type=\"text\/javascript\" src=\"https:\/\/static.hupso.com\/share\/js\/counters.js\"><\/script><!-- Hupso Share Buttons --><\/div>","protected":false},"excerpt":{"rendered":"<p>1. Olen ollut EU:lla t\u00f6iss\u00e4 Pian diplomi-insin\u00f6\u00f6riksi valmistumisen j\u00e4lkeen olin t\u00f6iss\u00e4 EU-virkamiehen\u00e4 Euroopan kemikaalivirastossa Helsingiss\u00e4. Viraston teht\u00e4v\u00e4n\u00e4 oli laittaa toimeen EU:n silloin viel\u00e4 uunituore kemikaaliturvallisuuteen liittyv\u00e4 REACH-asetus. Minun ty\u00f6nkuvaani kuului etenkin kemikaalien rekister\u00f6intiprosessin sujuvuuden parantaminen esimerkiksi tietoj\u00e4rjestelm\u00e4n kehitt\u00e4misen my\u00f6t\u00e4. Monipuolinen ja mielek\u00e4s ty\u00f6, jossa ty\u00f6kaverit olivat p\u00e4\u00e4s\u00e4\u00e4nt\u00f6isesti ei-suomalaisia.&nbsp; Nyt Kajaanissa asuessa olen puolestaan ty\u00f6skennellyt EU:n [&hellip;]<\/p>\n<div style=\"padding-bottom:20px; padding-top:10px;\" class=\"hupso-share-buttons\"><!-- Hupso Share Buttons - https:\/\/www.hupso.com\/share\/ --><a class=\"hupso_counters\" href=\"https:\/\/www.hupso.com\/share\/\"><img src=\"https:\/\/static.hupso.com\/share\/buttons\/share-small.png\" style=\"border:0px; padding-top:2px; float:left;\" alt=\"Share Button\"\/><\/a><script type=\"text\/javascript\">var hupso_services_c=new Array(\"twitter\",\"facebook_like\",\"facebook_send\",\"google\");var hupso_counters_lang = \"en_US\";var hupso_image_folder_url = \"\";var hupso_url_c=\"\";var hupso_title_c=\"Miksi%20Silja%3F\";<\/script><script type=\"text\/javascript\" src=\"https:\/\/static.hupso.com\/share\/js\/counters.js\"><\/script><!-- Hupso Share Buttons --><\/div>","protected":false},"author":1,"featured_media":2505,"parent":0,"menu_order":0,"comment_status":"closed","ping_status":"closed","template":"","meta":{"ngg_post_thumbnail":0,"footnotes":""},"class_list":["post-2856","page","type-page","status-publish","has-post-thumbnail"],"yoast_head":"<!-- This site is optimized with the Yoast SEO plugin v27.3 - https:\/\/yoast.com\/product\/yoast-seo-wordpress\/ -->\n<title>Miksi Silja? - Silja Ker\u00e4nen<\/title>\n<meta name=\"robots\" content=\"index, follow, max-snippet:-1, max-image-preview:large, max-video-preview:-1\" \/>\n<link rel=\"canonical\" href=\"https:\/\/siljakeranen.fi\/blogi\/miksi-silja\/\" \/>\n<meta property=\"og:locale\" content=\"fi_FI\" \/>\n<meta property=\"og:type\" content=\"article\" \/>\n<meta property=\"og:title\" content=\"Miksi Silja? - Silja Ker\u00e4nen\" \/>\n<meta property=\"og:description\" content=\"1. Olen ollut EU:lla t\u00f6iss\u00e4 Pian diplomi-insin\u00f6\u00f6riksi valmistumisen j\u00e4lkeen olin t\u00f6iss\u00e4 EU-virkamiehen\u00e4 Euroopan kemikaalivirastossa Helsingiss\u00e4. Viraston teht\u00e4v\u00e4n\u00e4 oli laittaa toimeen EU:n silloin viel\u00e4 uunituore kemikaaliturvallisuuteen liittyv\u00e4 REACH-asetus. Minun ty\u00f6nkuvaani kuului etenkin kemikaalien rekister\u00f6intiprosessin sujuvuuden parantaminen esimerkiksi tietoj\u00e4rjestelm\u00e4n kehitt\u00e4misen my\u00f6t\u00e4. Monipuolinen ja mielek\u00e4s ty\u00f6, jossa ty\u00f6kaverit olivat p\u00e4\u00e4s\u00e4\u00e4nt\u00f6isesti ei-suomalaisia.&nbsp; Nyt Kajaanissa asuessa olen puolestaan ty\u00f6skennellyt EU:n [&hellip;]\" \/>\n<meta property=\"og:url\" content=\"https:\/\/siljakeranen.fi\/blogi\/miksi-silja\/\" \/>\n<meta property=\"og:site_name\" content=\"Silja Ker\u00e4nen\" \/>\n<meta property=\"article:publisher\" content=\"https:\/\/www.facebook.com\/siljamkeranen\" \/>\n<meta property=\"article:modified_time\" content=\"2024-06-05T19:50:02+00:00\" \/>\n<meta property=\"og:image\" content=\"https:\/\/siljakeranen.fi\/blogi\/wp-content\/uploads\/2022\/12\/3L3A9919-e1672230586347.jpg\" \/>\n\t<meta property=\"og:image:width\" content=\"2012\" \/>\n\t<meta property=\"og:image:height\" content=\"1203\" \/>\n\t<meta property=\"og:image:type\" content=\"image\/jpeg\" \/>\n<meta name=\"twitter:card\" content=\"summary_large_image\" \/>\n<meta name=\"twitter:site\" content=\"@SiljaMP\" \/>\n<meta name=\"twitter:label1\" content=\"Arvioitu lukuaika\" \/>\n\t<meta name=\"twitter:data1\" content=\"3 minuuttia\" \/>\n<script type=\"application\/ld+json\" class=\"yoast-schema-graph\">{\"@context\":\"https:\\\/\\\/schema.org\",\"@graph\":[{\"@type\":\"WebPage\",\"@id\":\"https:\\\/\\\/siljakeranen.fi\\\/blogi\\\/miksi-silja\\\/\",\"url\":\"https:\\\/\\\/siljakeranen.fi\\\/blogi\\\/miksi-silja\\\/\",\"name\":\"Miksi Silja? - Silja Ker\u00e4nen\",\"isPartOf\":{\"@id\":\"https:\\\/\\\/siljakeranen.fi\\\/blogi\\\/#website\"},\"primaryImageOfPage\":{\"@id\":\"https:\\\/\\\/siljakeranen.fi\\\/blogi\\\/miksi-silja\\\/#primaryimage\"},\"image\":{\"@id\":\"https:\\\/\\\/siljakeranen.fi\\\/blogi\\\/miksi-silja\\\/#primaryimage\"},\"thumbnailUrl\":\"https:\\\/\\\/siljakeranen.fi\\\/blogi\\\/wp-content\\\/uploads\\\/2022\\\/12\\\/3L3A9919-e1672230586347.jpg\",\"datePublished\":\"2024-05-10T15:33:30+00:00\",\"dateModified\":\"2024-06-05T19:50:02+00:00\",\"breadcrumb\":{\"@id\":\"https:\\\/\\\/siljakeranen.fi\\\/blogi\\\/miksi-silja\\\/#breadcrumb\"},\"inLanguage\":\"fi\",\"potentialAction\":[{\"@type\":\"ReadAction\",\"target\":[\"https:\\\/\\\/siljakeranen.fi\\\/blogi\\\/miksi-silja\\\/\"]}]},{\"@type\":\"ImageObject\",\"inLanguage\":\"fi\",\"@id\":\"https:\\\/\\\/siljakeranen.fi\\\/blogi\\\/miksi-silja\\\/#primaryimage\",\"url\":\"https:\\\/\\\/siljakeranen.fi\\\/blogi\\\/wp-content\\\/uploads\\\/2022\\\/12\\\/3L3A9919-e1672230586347.jpg\",\"contentUrl\":\"https:\\\/\\\/siljakeranen.fi\\\/blogi\\\/wp-content\\\/uploads\\\/2022\\\/12\\\/3L3A9919-e1672230586347.jpg\",\"width\":2012,\"height\":1203,\"caption\":\"Silja Ker\u00e4nen\"},{\"@type\":\"BreadcrumbList\",\"@id\":\"https:\\\/\\\/siljakeranen.fi\\\/blogi\\\/miksi-silja\\\/#breadcrumb\",\"itemListElement\":[{\"@type\":\"ListItem\",\"position\":1,\"name\":\"Etusivu\",\"item\":\"https:\\\/\\\/siljakeranen.fi\\\/blogi\\\/\"},{\"@type\":\"ListItem\",\"position\":2,\"name\":\"Miksi Silja?\"}]},{\"@type\":\"WebSite\",\"@id\":\"https:\\\/\\\/siljakeranen.fi\\\/blogi\\\/#website\",\"url\":\"https:\\\/\\\/siljakeranen.fi\\\/blogi\\\/\",\"name\":\"Silja Ker\u00e4nen\",\"description\":\"Silja Ker\u00e4nen, kainuulainen vihre\u00e4 poliitikko\",\"publisher\":{\"@id\":\"https:\\\/\\\/siljakeranen.fi\\\/blogi\\\/#\\\/schema\\\/person\\\/d43605ef0d5681c1b27a4ba1fede1cf4\"},\"potentialAction\":[{\"@type\":\"SearchAction\",\"target\":{\"@type\":\"EntryPoint\",\"urlTemplate\":\"https:\\\/\\\/siljakeranen.fi\\\/blogi\\\/?s={search_term_string}\"},\"query-input\":{\"@type\":\"PropertyValueSpecification\",\"valueRequired\":true,\"valueName\":\"search_term_string\"}}],\"inLanguage\":\"fi\"},{\"@type\":[\"Person\",\"Organization\"],\"@id\":\"https:\\\/\\\/siljakeranen.fi\\\/blogi\\\/#\\\/schema\\\/person\\\/d43605ef0d5681c1b27a4ba1fede1cf4\",\"name\":\"Silja\",\"image\":{\"@type\":\"ImageObject\",\"inLanguage\":\"fi\",\"@id\":\"https:\\\/\\\/siljakeranen.fi\\\/blogi\\\/wp-content\\\/uploads\\\/2023\\\/01\\\/cropped-silja_250x100.png\",\"url\":\"https:\\\/\\\/siljakeranen.fi\\\/blogi\\\/wp-content\\\/uploads\\\/2023\\\/01\\\/cropped-silja_250x100.png\",\"contentUrl\":\"https:\\\/\\\/siljakeranen.fi\\\/blogi\\\/wp-content\\\/uploads\\\/2023\\\/01\\\/cropped-silja_250x100.png\",\"width\":250,\"height\":100,\"caption\":\"Silja\"},\"logo\":{\"@id\":\"https:\\\/\\\/siljakeranen.fi\\\/blogi\\\/wp-content\\\/uploads\\\/2023\\\/01\\\/cropped-silja_250x100.png\"},\"sameAs\":[\"http:\\\/\\\/www.siljakeranen.fi\",\"https:\\\/\\\/www.facebook.com\\\/siljamkeranen\",\"https:\\\/\\\/www.instagram.com\\\/siljakeranen\\\/\",\"https:\\\/\\\/www.linkedin.com\\\/in\\\/silja-kernen-4331b548\\\/\",\"https:\\\/\\\/x.com\\\/https:\\\/\\\/twitter.com\\\/SiljaMP\",\"https:\\\/\\\/www.youtube.com\\\/channel\\\/UC0MWeuoWP4-Mjs1z8pIv3GQ\",\"https:\\\/\\\/fi.wikipedia.org\\\/wiki\\\/Silja_Kernen\"]}]}<\/script>\n<!-- \/ Yoast SEO plugin. -->","yoast_head_json":{"title":"Miksi Silja? - Silja Ker\u00e4nen","robots":{"index":"index","follow":"follow","max-snippet":"max-snippet:-1","max-image-preview":"max-image-preview:large","max-video-preview":"max-video-preview:-1"},"canonical":"https:\/\/siljakeranen.fi\/blogi\/miksi-silja\/","og_locale":"fi_FI","og_type":"article","og_title":"Miksi Silja? - Silja Ker\u00e4nen","og_description":"1. Olen ollut EU:lla t\u00f6iss\u00e4 Pian diplomi-insin\u00f6\u00f6riksi valmistumisen j\u00e4lkeen olin t\u00f6iss\u00e4 EU-virkamiehen\u00e4 Euroopan kemikaalivirastossa Helsingiss\u00e4. Viraston teht\u00e4v\u00e4n\u00e4 oli laittaa toimeen EU:n silloin viel\u00e4 uunituore kemikaaliturvallisuuteen liittyv\u00e4 REACH-asetus. Minun ty\u00f6nkuvaani kuului etenkin kemikaalien rekister\u00f6intiprosessin sujuvuuden parantaminen esimerkiksi tietoj\u00e4rjestelm\u00e4n kehitt\u00e4misen my\u00f6t\u00e4. Monipuolinen ja mielek\u00e4s ty\u00f6, jossa ty\u00f6kaverit olivat p\u00e4\u00e4s\u00e4\u00e4nt\u00f6isesti ei-suomalaisia.&nbsp; Nyt Kajaanissa asuessa olen puolestaan ty\u00f6skennellyt EU:n [&hellip;]","og_url":"https:\/\/siljakeranen.fi\/blogi\/miksi-silja\/","og_site_name":"Silja Ker\u00e4nen","article_publisher":"https:\/\/www.facebook.com\/siljamkeranen","article_modified_time":"2024-06-05T19:50:02+00:00","og_image":[{"width":2012,"height":1203,"url":"https:\/\/siljakeranen.fi\/blogi\/wp-content\/uploads\/2022\/12\/3L3A9919-e1672230586347.jpg","type":"image\/jpeg"}],"twitter_card":"summary_large_image","twitter_site":"@SiljaMP","twitter_misc":{"Arvioitu lukuaika":"3 minuuttia"},"schema":{"@context":"https:\/\/schema.org","@graph":[{"@type":"WebPage","@id":"https:\/\/siljakeranen.fi\/blogi\/miksi-silja\/","url":"https:\/\/siljakeranen.fi\/blogi\/miksi-silja\/","name":"Miksi Silja? - Silja Ker\u00e4nen","isPartOf":{"@id":"https:\/\/siljakeranen.fi\/blogi\/#website"},"primaryImageOfPage":{"@id":"https:\/\/siljakeranen.fi\/blogi\/miksi-silja\/#primaryimage"},"image":{"@id":"https:\/\/siljakeranen.fi\/blogi\/miksi-silja\/#primaryimage"},"thumbnailUrl":"https:\/\/siljakeranen.fi\/blogi\/wp-content\/uploads\/2022\/12\/3L3A9919-e1672230586347.jpg","datePublished":"2024-05-10T15:33:30+00:00","dateModified":"2024-06-05T19:50:02+00:00","breadcrumb":{"@id":"https:\/\/siljakeranen.fi\/blogi\/miksi-silja\/#breadcrumb"},"inLanguage":"fi","potentialAction":[{"@type":"ReadAction","target":["https:\/\/siljakeranen.fi\/blogi\/miksi-silja\/"]}]},{"@type":"ImageObject","inLanguage":"fi","@id":"https:\/\/siljakeranen.fi\/blogi\/miksi-silja\/#primaryimage","url":"https:\/\/siljakeranen.fi\/blogi\/wp-content\/uploads\/2022\/12\/3L3A9919-e1672230586347.jpg","contentUrl":"https:\/\/siljakeranen.fi\/blogi\/wp-content\/uploads\/2022\/12\/3L3A9919-e1672230586347.jpg","width":2012,"height":1203,"caption":"Silja Ker\u00e4nen"},{"@type":"BreadcrumbList","@id":"https:\/\/siljakeranen.fi\/blogi\/miksi-silja\/#breadcrumb","itemListElement":[{"@type":"ListItem","position":1,"name":"Etusivu","item":"https:\/\/siljakeranen.fi\/blogi\/"},{"@type":"ListItem","position":2,"name":"Miksi Silja?"}]},{"@type":"WebSite","@id":"https:\/\/siljakeranen.fi\/blogi\/#website","url":"https:\/\/siljakeranen.fi\/blogi\/","name":"Silja Ker\u00e4nen","description":"Silja Ker\u00e4nen, kainuulainen vihre\u00e4 poliitikko","publisher":{"@id":"https:\/\/siljakeranen.fi\/blogi\/#\/schema\/person\/d43605ef0d5681c1b27a4ba1fede1cf4"},"potentialAction":[{"@type":"SearchAction","target":{"@type":"EntryPoint","urlTemplate":"https:\/\/siljakeranen.fi\/blogi\/?s={search_term_string}"},"query-input":{"@type":"PropertyValueSpecification","valueRequired":true,"valueName":"search_term_string"}}],"inLanguage":"fi"},{"@type":["Person","Organization"],"@id":"https:\/\/siljakeranen.fi\/blogi\/#\/schema\/person\/d43605ef0d5681c1b27a4ba1fede1cf4","name":"Silja","image":{"@type":"ImageObject","inLanguage":"fi","@id":"https:\/\/siljakeranen.fi\/blogi\/wp-content\/uploads\/2023\/01\/cropped-silja_250x100.png","url":"https:\/\/siljakeranen.fi\/blogi\/wp-content\/uploads\/2023\/01\/cropped-silja_250x100.png","contentUrl":"https:\/\/siljakeranen.fi\/blogi\/wp-content\/uploads\/2023\/01\/cropped-silja_250x100.png","width":250,"height":100,"caption":"Silja"},"logo":{"@id":"https:\/\/siljakeranen.fi\/blogi\/wp-content\/uploads\/2023\/01\/cropped-silja_250x100.png"},"sameAs":["http:\/\/www.siljakeranen.fi","https:\/\/www.facebook.com\/siljamkeranen","https:\/\/www.instagram.com\/siljakeranen\/","https:\/\/www.linkedin.com\/in\/silja-kernen-4331b548\/","https:\/\/x.com\/https:\/\/twitter.com\/SiljaMP","https:\/\/www.youtube.com\/channel\/UC0MWeuoWP4-Mjs1z8pIv3GQ","https:\/\/fi.wikipedia.org\/wiki\/Silja_Kernen"]}]}},"_links":{"self":[{"href":"https:\/\/siljakeranen.fi\/blogi\/wp-json\/wp\/v2\/pages\/2856","targetHints":{"allow":["GET"]}}],"collection":[{"href":"https:\/\/siljakeranen.fi\/blogi\/wp-json\/wp\/v2\/pages"}],"about":[{"href":"https:\/\/siljakeranen.fi\/blogi\/wp-json\/wp\/v2\/types\/page"}],"author":[{"embeddable":true,"href":"https:\/\/siljakeranen.fi\/blogi\/wp-json\/wp\/v2\/users\/1"}],"replies":[{"embeddable":true,"href":"https:\/\/siljakeranen.fi\/blogi\/wp-json\/wp\/v2\/comments?post=2856"}],"version-history":[{"count":7,"href":"https:\/\/siljakeranen.fi\/blogi\/wp-json\/wp\/v2\/pages\/2856\/revisions"}],"predecessor-version":[{"id":2918,"href":"https:\/\/siljakeranen.fi\/blogi\/wp-json\/wp\/v2\/pages\/2856\/revisions\/2918"}],"wp:featuredmedia":[{"embeddable":true,"href":"https:\/\/siljakeranen.fi\/blogi\/wp-json\/wp\/v2\/media\/2505"}],"wp:attachment":[{"href":"https:\/\/siljakeranen.fi\/blogi\/wp-json\/wp\/v2\/media?parent=2856"}],"curies":[{"name":"wp","href":"https:\/\/api.w.org\/{rel}","templated":true}]}}